ppose -54 = -d - 5*s, 1 = -2*s + t. What is the tens digit of d?
2
Suppose -2*v + 710 = 30. What is the hundreds digit of v?
3
Let l(p) = 6*p - 2. Let h be l(2). What is the units digit of -1*(-1206)/h - (-6)/(-10)?
0
Suppose c + 4*s - 8 = 0, -3*c + 32 = c + 3*s. Suppose 4*q = 3*i - 6, q + 3*i = -i + c. Suppose q = -4*x - 3*x + 161. What is the tens digit of x?
2
Let g(r) = -r**2 - 14*r. Suppose x + 3*t + 26 = 0, 0 = -4*t - 11 - 5. Let p be g(x). Suppose p = 3*l + 12, -4*c + 2*c - 5*l = 10. What is the units digit of c?
5
Suppose 147 = 2*h - 559. What is the units digit of h?
3
Suppose -51*f - 33826 = -77*f. What is the units digit of f?
1
Let l = 15 - 11. Suppose -o + l*o = 0. Suppose o = -3*t + 68 + 4. What is the tens digit of t?
2
Suppose -17745 = -25*r + 4*r. What is the hundreds digit of r?
8
Let k = -1808 - -2544. What is the hundreds digit of k?
7
Let y(q) = -9*q + 7. What is the tens digit of y(-6)?
6
Let b(a) = a**3 + 5*a**2 + 4*a - 2. Let f be b(-4). Let p be f/(0 + 2) + 29. What is the units digit of p - (-2 + (-4)/(-1))?
6
Suppose 2*g + 0 + 13 = -l, -5*l + 2*g = 17. Let n = l - -21. Suppose 4*f = 8*f - n. What is the units digit of f?
4
Let l(h) = -h**2 - 5*h + 3. Let r be l(-5). Suppose 42 = r*z + m, 7*m - 2*m = -5*z + 80. What is the units digit of (z/6 - 3)*-6?
5
Let z(k) = -k + 15. Let w be z(2). Let u = w - -11. What is the units digit of u?
4
Suppose 0 = j - 2*j + 3. Suppose 0 = 3*o + j, -3 = -x + 2*o + 8. Suppose 2*r = -x + 49. What is the units digit of r?
0
Suppose -2*r - 2 = 0, -5*r - 75 = -4*w - 2*r. Suppose -3*m + 3*t + 90 = 0, m - 5*t - 8 = w. What is the units digit of m?
1
Let d = 1899 + -1428. What is the units digit of d?
1
Let s = -14 + 15. Let p = s + -1. Suppose -3*n = -5*n - 8, p = -d + 2*n + 56. What is the units digit of d?
8
Suppose -f + r + 84 = 0, 2*r + 252 = 4*f - f. Suppose 19*o = 16*o + 15. Suppose 4*w + l = f, -o*l + 63 = 3*w + 17. What is the tens digit of w?
2
Let f(j) = 3*j**3 - j. Let h be f(1). Suppose 17*z - 19*z = 6. Let p = h - z. What is the units digit of p?
5
Let w(d) = 3*d - 10. Let k(x) = -x**3 + 3*x**2 - 2*x - 2. Let o be k(2). Let m(a) = -4*a. Let i be m(o). What is the tens digit of w(i)?
1
Suppose 2*m - 18 + 66 = 0. What is the tens digit of 59 - (8/m + 14/6)?
5
Let r = 74 - -88. Suppose -q - 49 = -d, -r = -d - 2*d - 2*q. What is the units digit of d?
2
Let p(z) be the third derivative of z**4/8 - 4*z**3/3 + 9*z**2. Let x be p(4). Suppose -2*v + x*a + 32 = 0, 2*a = a. What is the units digit of v?
6
Let w = 14 - 20. Let a be (2/(-6))/(1/w). What is the tens digit of 4/a*(2 - -8)?
2
Let n(b) = -b**3 - 2*b**2 - 2*b - 9. Let c be n(-4). Suppose -5*j = c - 101. Suppose 3*a = 10 + j. What is the units digit of a?
8
Let a = 3521 + 719. What is the hundreds digit of a?
2
Suppose 0 = -j + 2*m + 1232, 2*j + 3*m - 6*m - 2468 = 0. What is the thousands digit of j?
1
Let l(g) = -10*g - 1. Let t be ((-2)/(-4))/((-4)/64). What is the tens digit of l(t)?
7
Suppose 3*y - 559 = 4*a, 1 = -3*a - 11. Suppose y + 11 = 4*c. What is the units digit of c?
8
Let h(l) = -9*l**3 + 5*l**2 + 15*l + 20. What is the tens digit of h(-4)?
1
Let a = -33 - -27. Let x(h) = -h**2 - 7*h. Let v be x(a). Suppose -260 = -v*b + b. What is the units digit of b?
2
Let r(z) = z**3 + 11*z**2 + 8*z + 11. Suppose 2*p = 3*b + 19, 4*b + b = 5*p - 25. What is the tens digit of r(b)?
0
Suppose 4*v - 579 = 21. What is the units digit of v?
0
What is the hundreds digit of (-4)/(-4) - -7 - (-10280)/2?
1
Let f(o) = -489*o + 88. What is the tens digit of f(-8)?
0
Let l(k) = -k**3 - 7*k**2 - 6*k - 3. Let s be l(-6). Let n = -7 - s. What is the tens digit of (-1)/n + 1026/24?
4
Let a(h) = h**2 + 2*h - 3. Let i be a(7). Suppose -2*m = -q + 6 + i, m + 2 = 0. What is the units digit of q?
2
Suppose 5*q - 193 = 132. Let k = -17 + q. What is the tens digit of k?
4
What is the tens digit of (-86170)/(-49) - 40/70?
5
Suppose i - 4*j = 467, 2*i - 3*j + 0*j - 934 = 0. What is the tens digit of i?
6
Let v = 2156 + -1314. What is the hundreds digit of v?
8
Let o = 2738 + -8. What is the hundreds digit of o?
7
Let p = -41 + 29. Let b(v) = v + 14. Let c be b(p). Suppose c*t - 23 - 49 = 0. What is the units digit of t?
6
Suppose m + 26 = -m. Let o = 53 - m. What is the tens digit of o?
6
Suppose -857*y = -856*y - 464. What is the units digit of y?
4
Let f(u) = -u**3 - 10*u**2 - 10*u - 4. Let i be f(-9). Suppose -i*v = 125 + 125. Let d = v + 72. What is the tens digit of d?
2
What is the hundreds digit of -7 - (-12)/18*(-145176)/(-16)?
0
What is the tens digit of (310/93)/((-2)/3) - -45?
4
Suppose -81*y = 5*z - 78*y - 15159, 5*z - 2*y - 15144 = 0. What is the tens digit of z?
3
Let u(m) = 8*m**3 + 3*m**2 - 3*m + 1. Let a be u(1). Suppose -255 = -a*c + 4*c. What is the tens digit of c?
5
Let o be 394/9 + (-16)/(-72). Let h be o/36 + 2/(-9). Suppose -28 = -3*y - h. What is the units digit of y?
9
Suppose -3*c + 36 = 5*j - 101, j - 26 = -2*c. Let s = -64 + j. What is the units digit of 2/9 - 136/s?
4
Suppose 51*n = 4*d + 54*n - 1992, n - 998 = -2*d. What is the hundreds digit of d?
5
Let h = -839 - -1054. What is the tens digit of h?
1
Let m = 26 - 24. Suppose 5*g - 8*g = f - 150, 148 = f + m*g. What is the tens digit of f?
4
Let k be 48/(-56)*(-14)/4. Suppose k*t - 4*z - 190 = 0, -5*z - 79 + 291 = 4*t. What is the tens digit of t?
5
Let r = 24 - 22. Suppose 2*m + 256 = 4*l, -2*l - r*m + 74 = -54. What is the units digit of l?
4
Let l(u) = -u**2 - 4*u + 1. Let i = -12 + 9. Let c be l(i). Suppose 11 = -c*f + 31. What is the units digit of f?
5
Let m(z) be the second derivative of z**5/40 - 3*z**4/8 - 5*z**3/6 + 7*z. Let b(y) be the second derivative of m(y). What is the units digit of b(5)?
6
Let o = 3118 + -229. What is the hundreds digit of o?
8
Let t = -14 + 115. What is the tens digit of t?
0
What is the units digit of 9196/9 - 2 - 30/(-135)?
0
Let w = 277 - 173. Suppose 7*r = -282 - 159. Let b = w + r. What is the units digit of b?
1
Suppose -75*d + 79*d - 4000 = 0. What is the units digit of d?
0
Let z = 401 + -663. Let q be 4/(-6)*(z - 5). Suppose 6*d + 40 = q. What is the tens digit of d?
2
Let z(i) = -i**3 - 10*i**2 - 15*i - 27. What is the tens digit of z(-9)?
2
Let f(o) = -o**2 - 20*o - 16. Let s be f(-20). Suppose -2*g = a + 1 + 3, -2*g - 8 = 3*a. What is the tens digit of (-76)/a + 17 + s?
3
Suppose 7*t - 771 = 10128. What is the thousands digit of t?
1
Let o = -5 - -322. What is the tens digit of o?
1
What is the units digit of -181*(-3 - -4)*-5?
5
Let t(g) = g. Let c be t(-1). Suppose -196*h + 191*h + 130 = 0. What is the tens digit of c/(1/2) + h?
2
What is the units digit of 55*(2 + ((-168)/20)/6)?
3
Let z = -493 - -1143. What is the units digit of z?
0
Let x = -18 + 597. What is the units digit of x?
9
Let m(f) = 9*f + 10 + 2*f - 10*f. What is the units digit of m(-5)?
5
Let q be 3/4 + 237/4. Suppose 2*p - q = -2*p. What is the units digit of p/(-3) + 2 + 21?
8
Suppose 4*l + 126 = l. Let b = l - -25. Let m = b - -35. What is the units digit of m?
8
Suppose -10*m + 4*m = 54. Let y(i) = -i**2 - 26*i - 42. What is the units digit of y(m)?
1
Suppose 3*z + g - 739 - 645 = 0, 0 = -z + 2*g + 466. What is the units digit of z?
2
Let g be (2 - 3)/((-3)/45). Suppose z + o - 9 = 0, 3*z - 5*o - g = -2*z. Suppose z*a = 2*a + 180. What is the units digit of a?
5
Suppose 2*b = -8, 40 = 2*x - 0*b - 4*b. What is the units digit of x?
2
What is the hundreds digit of ((-28)/21)/(1/(-207))?
2
Suppose -86*j - 3510 = -92*j. What is the tens digit of j?
8
Let a(d) = -d**2 + 11*d + 33. Let i be (36/1)/4*(-3)/(-3). What is the units digit of a(i)?
1
Suppose -5*z - 2283 = o - 7438, -5183 = -o + 2*z. What is the hundreds digit of o?
1
Let r(f) = 6*f**2 + 117*f - 5. What is the units digit of r(-22)?
5
Suppose 4880 = -8*a + 12*a + 3*f, -3*f = -a + 1235. What is the hundreds digit of a?
2
Let v = 16 - 12. What is the units digit of -1 + (v - -70) + -1?
2
Suppose 0 = 24*t - 28*t + 2*n + 1526, 3*n - 9 = 0. What is the hundreds digit of t?
3
Suppose 0*u = 3*u - 360. Suppose 0 = -4*l - 28 - u. Let h = l + 54. What is the units digit of h?
7
Let o = -116 - -112. What is the units digit of o/2 + 5 + 144?
7
Let g(r) = -r**3 - 10*r**2 + 4*r - 18. What is the units digit of g